a) = w(a) + 3*x(a). Determine t(3).
-9
Let s(z) = 7*z - z**3 - 6*z**2 + 3*z**2 + z**2 + 6. Give s(-4).
10
Let z(q) = 1. Let m(o) = o + 5. Let l be m(-6). Let d(c) = 7*c + 6. Let u(x) = l*d(x) + 5*z(x). Let b = 14 - 13. Give u(b).
-8
Let m(y) = -y + 1. Let j be m(4). Let w(d) be the third derivative of -d**6/120 - d**5/30 + d**4/8 - 2*d**3/3 - d**2 - 30*d. What is w(j)?
-4
Let m(o) = -22*o**3 - o**2 - 2*o - 1. Let d be (5/10)/(-2*1/4). Calculate m(d).
22
Let h(c) = 5*c + 3*c + 0*c - 4*c. What is h(-2)?
-8
Let r(x) = -2*x**2 + 4*x - 3. Suppose 2*d + 3*d = 20. Suppose 0 = 5*f + 2*m - 15, 5*m + 20 = m. Suppose f*c = -d + 19. Calculate r(c).
-9
Let o(w) = w**3 + 3*w**2 - 4. Let i be -40*3*4/(-24). Let m = i + -23. Calculate o(m).
-4
Suppose -5*s - 10 = -7*s. Let o(g) = -g + 5. Give o(s).
0
Let j(i) = 6*i**2 + 1 - 5 - i**3 - 3 + 2. Give j(6).
-5
Suppose 4*d + 5*g + 4 = 0, 3*d + 2*g = 3*g + 16. Let l(z) = -z**3 + 5*z**2 - 2*z - 1. Let f be l(d). Let s(k) = -k**3 + 7*k**2 + k + 1. Determine s(f).
8
Let x(u) be the second derivative of -u**3/3 - u**2 + u. Suppose 0 = 5*g - 9 - 1. Suppose -g = 3*b - 4*b. What is x(b)?
-6
Let r(l) = l**3 + l**2 - 3*l - 2. Let d = 0 - 0. Let z(v) = -v + 2 + d + 3. Let t be z(7). Determine r(t).
0
Let b(u) be the first derivative of 2*u**3/3 - u**2/2 - u - 165. Let v(z) = -2*z**2 + 2*z - 1. Let j be v(1). What is b(j)?
2
Suppose i - 4*a - 8 = 0, 5*a = 4*i + a - 8. Let b be 1 - (i/3 + -3). Let l(n) = n**2 - 4*n - 1. What is l(b)?
-1
Let w(v) be the second derivative of 0*v**2 + 0*v**4 + 1/6*v**3 + 0 - 2*v + 1/4*v**5. Calculate w(1).
6
Suppose 0 = -2*d - 10 - 10. Let x = d + 5. Let s(y) = 2*y + 0*y + 0*y - 3*y - 8. Calculate s(x).
-3
Let d(s) = -5*s**2 + 4*s - 2. Let b be d(2). Let t be b/(-6) - (-2)/(-6). Let q(l) = t - 5 - 1 + l. Give q(2).
-2
Suppose 2*l - 4*a + 14 = 0, -7 = -5*l - 2*a + 6. Let z(v) = 9 - 2 - 3 + v - l. Give z(-6).
-3
Suppose -5*x + 9 + 7 = -2*d, 6 = 3*x. Let p(g) = g + 3. Let k(w) = -1. Let m(a) = -3*k(a) - p(a). Let i(s) = -7*s + 3. Let r(j) = -i(j) + 5*m(j). Give r(d).
-9
Let o(d) = -d - 2*d + 0 - 2. Let y(z) = 7*z + 17. Let p be y(-3). Give o(p).
10
Let v be 1 - -3*(-1 + -1). Let n be (9/(-15))/(2/(-10)). Let c(l) = -12 + l - n*l + 5. Give c(v).
3
Let g be 125/30 - 2/12. Let x(a) = a**2 - 6*a + 5. Give x(g).
-3
Let a(o) = 2*o + 3 - 6*o + 2 - 7. Suppose 2*k = c - 6, 2*k - c = 2*c - 10. Determine a(k).
6
Let v(x) be the second derivative of x**6/720 - x**5/24 - x**4/12 - 3*x. Let b(o) be the third derivative of v(o). Calculate b(4).
-1
Suppose 12 = 5*j - 4*u, -2*u - 14 = -4*j - 2. Let s(m) = 1 + j*m - 3*m + 0*m. Suppose 3 = -2*f - 2*h + 7, 5*f + 3*h = 12. Determine s(f).
4
Let b(y) = -y**3 + 7*y**2 - 3. Let a(j) = -j. Let s(f) = 5*a(f) + b(f). Suppose -2*x + 6*x - 24 = 0. Calculate s(x).
3
Let g be -1*2 - -2 - -2. Let s(r) = 4*r**2 + 2*r - g*r**2 - 3*r**2. What is s(4)?
-8
Let b(k) be the first derivative of -5*k**4/4 + k**3/3 - k**2 + k - 5. Let g = 2 - 1. What is b(g)?
-5
Let t = -7 - -20. Let h(p) = -p**2 + 14*p - 18. Let j be h(t). Let a(y) = -y - 5. Determine a(j).
0
Let w(m) = 2*m + 2*m + 5 - m**2 - 2*m - 6. What is w(2)?
-1
Let k = 63 - 64. Let p(x) = -17*x**3 - x**2 + x + 1. Determine p(k).
16
Let h(s) = -5*s + 1. Let f be (-9)/((-45)/4)*(-10)/(-4). Calculate h(f).
-9
Suppose -4*r = -12 - 8. Let t(b) = 3*b - r*b + 4*b**3 - 3*b**3 + 2*b**2. Give t(-2).
4
Let s(h) = 2*h - 4. Let b(i) = 8*i**2 - 1. Let n be b(1). Let j = -3 + n. Give s(j).
4
Let u(n) = -n - 1. Let o(x) = 5*x + 5. Let j(m) = -6*m - 6. Let k(g) = -3*j(g) - 4*o(g). Let f(b) = 2*k(b) - 3*u(b). Let r = -1 - -1. Calculate f(r).
-1
Let a = 8 + -4. Suppose 5 = -s - a*s. Let l(m) = m**3 + m**2 + 1. What is l(s)?
1
Suppose -3 = 5*u + 2. Let o(a) = 16*a**3 + 9*a**2 + 9*a + 7. Let d(s) = -8*s**3 - 5*s**2 - 5*s - 4. Let p(b) = 5*d(b) + 3*o(b). Calculate p(u).
-7
Let k(w) = -w**2 + 4*w - 5. Let c(x) = -x - 10. Let a be (9/2)/((-2)/4). Let l be c(a). Let g be (-15)/(-4) - l/4. Determine k(g).
-5
Let b(c) be the third derivative of -c**6/120 + 3*c**5/20 - c**4/3 - 4*c**3/3 + 46*c**2. Give b(8).
-8
Suppose -30 = -2*p - 3*p. Let r(x) = -x**2 - 5*x + 1. Let g(t) = 2*t**2 + 4*t. Let c(s) = 2*g(s) + 3*r(s). Determine c(p).
-3
Let j = 8 - 18. Let h(i) = -i**2 - 10*i - 5. Let v be h(j). Let o(m) = m**2 + 5*m + 3. Calculate o(v).
3
Let u(h) = h + 13. Let v be u(-11). Let b(r) = r**2 + 7*r + 11. Let c(n) = n**2 + 6*n + 12. Let a(g) = v*c(g) - 3*b(g). Give a(-6).
9
Let k(q) = 3*q**3 + q. Let t be k(1). Let h(s) = s - 2. Let u be h(t). Let n(r) = r**3 - r**2 - 2*r + 3. Determine n(u).
3
Let a = 20 + -14. Let t(x) = -2*x**2 + 7*x - 16. Let v(k) = -3*k**2 + 11*k - 24. Let m(i) = -7*t(i) + 5*v(i). Give m(a).
-8
Let m(b) = -b**3 - 7*b**2 + 5*b + 29. Let x be m(-7). Let h(o) = o**3 + 7*o**2 + 7*o - 8. Give h(x).
-14
Suppose 2*c = c + 3. Let b(m) = -62*m**3 + 63*m**3 + 4 - m - 4*m. Determine b(c).
16
Let y(t) be the second derivative of 0 + 4*t - 1/2*t**2 - 1/6*t**3. Calculate y(-2).
1
Let x = -9 + 1. Let w = x - -6. Let z be -1*(-1 - -3 - w). Let l(k) = -k**2 - 4*k - 2. Give l(z).
-2
Let h(y) = -3*y**3 + 2*y + 4*y**3 - 4*y + 5*y**2 + 0*y**3 - 6. Suppose 4*f = -0*c - 5*c - 20, 2*f + 2*c + 10 = 0. Determine h(f).
4
Let j(c) = -c**2 - c. Let r(m) = -17*m**2 - 7*m - 1. Let f(s) = -5*j(s) + r(s). Calculate f(-1).
-11
Let n(p) = 10*p - 6*p - 5*p. Determine n(7).
-7
Let w(h) = -h - 6. Let v be w(-8). Let k(o) = o + o - 2*o + v*o. What is k(-2)?
-4
Suppose 3*z = 2*d + 2 + 9, -d = 2*z - 12. Let j be (1/(-3))/(d/(-12)). Let o(k) = -k - k**j + 1 + 0*k**2 - 3*k**3 - 2*k**3. Calculate o(1).
-6
Let i(p) = -5*p**3 - 4*p. Let m = 4 + -1. Let y(b) = 4*b**3 - b**2 + 3*b - 1. Let l(k) = m*i(k) + 4*y(k). Let z(w) = -w**2 - w + 4. Let n be z(0). What is l(n)?
-4
Let f be (-4*(-7)/(-112))/((-2)/8). Let j(b) = -5*b**2 - 2*b + 3. Let m(i) = -5*i**2 - i + 2. Let x(v) = 3*j(v) - 4*m(v). Determine x(f).
4
Let j(y) = y**3 - 5*y**2 - 3*y - 8. Suppose 24 = g + 18. Determine j(g).
10
Suppose -2 + 3 = m. Let s(u) = 3*u - 3 + 5 - m. Let q(w) = -5*w - 139. Let i be q(-28). Determine s(i).
4
Let u(q) be the third derivative of -q**4/24 + q**3/6 + 11*q**2. Let j = 4 - -2. Determine u(j).
-5
Let o(z) be the third derivative of -z**5/60 - z**3/3 - 3*z**2. Give o(-2).
-6
Let i(h) = -h**3 - 4*h**2 - h - 3. Let z be 0 - (8/(-4) - -6). Determine i(z).
1
Let a(p) be the first derivative of p**3/3 + 3*p**2/2 + 4*p + 2. Suppose 5*u + 13 = -2. What is a(u)?
4
Let w(i) = -i + 0 - 5 - 2. Suppose -5*a - 36 - 4 = 0. What is w(a)?
1
Let x(i) be the first derivative of -i**4/4 + 2*i**3 - 2*i**2 + 4*i - 61. Determine x(5).
9
Let i(g) be the first derivative of g**4/4 - 8*g**3/3 + g**2/2 + 6*g + 25. Calculate i(8).
14
Let t(b) = b**2 - 7*b - 10. Suppose 18*r = 2*w + 23*r - 6, 4*w = -3*r + 26. Give t(w).
-2
Let q(z) = z - 9. Let n be q(11). Suppose 0*p - 12 = -n*p. Let h(j) = j - 9. Give h(p).
-3
Let c(b) = b - 1. Let s(n) = 4*n + 5. Let f(j) = 12*j + 15. Let l(v) = 4*f(v) - 11*s(v). Let k(h) = 3*c(h) - l(h). Give k(0).
-8
Let r(p) = -p - 2. Let m(k) = -2*k - 5. Let y(z) = -4*m(z) + 7*r(z). Let f(b) be the first derivative of b**2/2 - 7*b + 2. Let u be f(7). Give y(u).
6
Let l(q) = -q**2 - 11*q - 12. Let f be l(-9). Let n(v) = f*v - 6*v + v. Suppose -7 = -5*r - 2. Calculate n(r).
1
Let f(v) = -3*v**2 + 5*v + 7. Let i(s) = s**2 - 2*s - 2. Let p(w) = 2*f(w) + 7*i(w). Give p(2).
-4
Let y(q) = -4*q**2 - 7*q + 1. Let p(j) = 11*j**2 + 21*j - 2. Let l(k) = 3*p(k) + 8*y(k). Determine l(-4).
-10
Let x(a) = 6 + 10*a - a + 10 - 6. Let f(u) = 3*u + 3. Let g(i) = -7*f(i) + 2*x(i). Give g(3).
-10
Let m(n) be the first derivative of n**4/4 + n - 9. Let p = 0 + -2. What is m(p)?
-7
Let q = 6 + -3. Let a(u) = -u**3 + 10*u**2 - 8*u - 8. Let w be a(9). Let k(s) = -q*s + s**2 + 5*s + s + w. Calculate k(-4).
5
Let j(o) = o**2 + o + 7. Let g(p) = -9*p**2 - 2*p - 22. Let m(u) = -17*u**2 - 4*u - 44. Let k(l) = 11*g(l) - 6*m(l). Let s(b) = 7*j(b) - 2*k(b). Give s(-4).
9
Let v(t) = 3*t - 2. Suppose 3*g + 3 = 4*g. Calculate v(g).
7
Let d(a) be the first derivative of a**3/3 - 3*a**2/2 + 3*a + 5. Calculate d(2).
1
Suppose 2*b = -0*b. Suppose -f + 4 = -b*f. Let d(c) = c. Calculate d(f).
4
Suppose 2*k = 4*k - 6. Let t(y) = 2 + 1 - k*y**2 - 2